*3 - u**2 - u + 11. Let d(a) = -a - 5. Let h be d(-5). What is x(h)?
11
Let z = 4 - 2. Let w(x) = 7*x + 1. Let u(g) = -25*g - 13. Let y(p) = -12*p - 6. Let k(a) = -4*u(a) + 9*y(a). Let s(j) = z*k(j) + 3*w(j). What is s(-1)?
-6
Let a(j) = 2*j + 5. Let b(f) = f**3 + 9*f**2 + 2*f + 12. Let o be b(-9). What is a(o)?
-7
Let x(z) = 4*z - 1. Let d be x(-1). Let l(n) = 2*n + 4. Give l(d).
-6
Let a(v) be the first derivative of -v**5/20 - v**4/6 + 7*v**3/6 + 3*v**2 + 4*v - 2. Let f(x) be the first derivative of a(x). Give f(-4).
10
Let w(d) = 205*d**2 - 206*d**2 - 4*d - 3 - 1. Let x be (5 - 15)*(-1)/(-2). Give w(x).
-9
Let a(l) be the first derivative of l**4/12 + l**3/6 - 3*l**2 - 3*l - 2. Let g(i) be the first derivative of a(i). What is g(0)?
-6
Let h(b) = -b + 7. Suppose -2*y + 6*y - 22 = -2*x, -2*x - 5*y = -26. Suppose 5*d = x*s - 6*s + 4, s + 2*d = 1. Give h(s).
4
Let m(g) be the second derivative of -g**4/12 - g**3/6 + 3*g**2/2 + 6*g. What is m(-3)?
-3
Let p(m) = m + 1. Let w(g) = 4*g + 5. Let h(k) = -5*p(k) + w(k). Determine h(-7).
7
Let o(x) = -x**2 + 5*x - 2. Let t be o(3). Let s(h) = 0*h - 2*h + h. What is s(t)?
-4
Suppose 0*l = -2*u + 3*l + 12, 0 = -2*l - 4. Let q = u - 9. Let g(w) = w - 1 + 1. Calculate g(q).
-6
Let d(r) = -3*r + 12. Let a(t) = -2*t + 8. Let h(f) = 8*a(f) - 5*d(f). Suppose -2*m + 6 = -m. What is h(m)?
-2
Let d(f) be the second derivative of f**3/6 + 13*f**2/2 - 18*f. What is d(-6)?
7
Suppose -n - 12 = -2*n. Let c be (n/8)/(9/(-24)). Let r(t) = t**2 + 2. Calculate r(c).
18
Let c(x) = -8*x + 1. Suppose -5*p - u = -16, -p - 16 = -2*p + 3*u. Suppose 3*s + 3*n - 8 = 4, -3*s + 5*n = p. What is c(s)?
-15
Suppose 18 = -2*i + 5*k, i + 12 = -i + 2*k. Let r(g) be the first derivative of g**3/3 + 7*g**2/2 + 5*g + 1. Calculate r(i).
-7
Let h(c) = -c**3 - 3*c**2 + 2*c + 2. Let i(k) = -10*k - 15. Let l(m) = 7*m + 10. Let g(p) = -5*i(p) - 7*l(p). Let t be g(-7). Give h(t).
-6
Let z(x) = 14*x**2 - x**3 + 15*x**2 + x - 4 - 33*x**2. Determine z(-5).
16
Let i(z) = 2*z**3 - 2*z**2 - z - 1. Suppose -4*g + 20 + 47 = -3*y, 0 = -g - 4*y + 12. Suppose -w = 3*w - g, -v - 2*w = 0. Let c be (-20)/(-9) + v/36. Give i(c).
5
Let y(m) = -m**2 + m + 2. Suppose 3*z = -5*a - 10, a + 2*z = -2*z - 2. Calculate y(a).
-4
Let d(g) = -g**3 + 4*g**2 + 5*g + 4. Suppose 4*q = 2*n + 2, 3*q = -n - 5 + 14. Suppose 5 = -q*f + 25. Suppose f = 4*l - 5*y - 0, -y = -4*l + 18. What is d(l)?
4
Let p(k) = 2*k**2 - 6*k + 5. Let o be p(1). Let u(b) = -b**3 - b**2 + b. Let x(g) = -4*g**3 - 5*g**2 + 6*g. Let w(q) = 6*u(q) - x(q). Give w(o).
-3
Let m(i) be the first derivative of -i**2/2 - 9*i - 6. Let q(s) = -2*s - 18. Let r(h) = -11*m(h) + 6*q(h). Give r(-7).
-2
Suppose -o = 2 + 2. Let b = o - 2. Let j(u) = u**3 + 5*u**2 - 6*u + 4. What is j(b)?
4
Let w(a) = -6*a - 7. Let g(t) = 7*t + 8. Let v(b) = -5*g(b) - 6*w(b). Let i be 0 - -2 - 42/7. Give v(i).
-2
Let m(w) be the third derivative of w**6/120 - w**5/15 - w**4/4 + w**3 - 25*w**2. Determine m(5).
1
Let v(r) be the first derivative of -r**2/2 + 2*r - 7. What is v(-2)?
4
Let r(x) = -x**2 - 6*x + 6. Let m be r(-8). Let t = m + 5. Let g(n) = -1 + 1 - 5 - n. Calculate g(t).
0
Let o(v) = -v**3 + 6*v**2 + 8*v - 10. Let j be o(7). Let f(h) be the second derivative of -h**4/12 - 2*h**3/3 - 3*h**2/2 + 17*h. Calculate f(j).
0
Let w be (2 - -1*2) + -1. Let t(v) be the first derivative of -2*v**3/3 + 3*v**2/2 - 2*v - 19. What is t(w)?
-11
Let n(q) = -2*q - q + 6*q - 2*q - 6. Let c be 21/6 - 6/(-4). Give n(c).
-1
Let z(p) = 7*p**2 + 2*p - 1. Let c(t) = -14*t**2 - 5*t + 2. Let h(w) = -2*c(w) - 5*z(w). What is h(1)?
-6
Let j(q) = q**2 + 4*q + 4. Suppose 4*l = -r + 2*r - 13, 3*r = 2*l + 9. What is j(l)?
1
Suppose 0 = 5*j + 3*w - 13, 5*w - 3 = -5*j + 2. Suppose 5*k + j = -2*h - 3*h, 0 = -5*h + 4*k - 50. Let v(x) = x**2 + 9*x + 5. Determine v(h).
-13
Let n be -1*4*(-2 - -1). Let y(o) = 9 - o**2 - n - 3 + 9. Determine y(0).
11
Let w(t) = -t + 7. Suppose -2*h + 62 - 14 = 0. Suppose -5*q - h = -9*q. Give w(q).
1
Let i(p) = -p + 2. Let t be i(4). Let g = t + 4. Let m(c) = 4*c + g - 4 - 5*c. What is m(-2)?
0
Let v(s) = -s + 1. Let c be (1 - 2) + (2 - -29). Let k be 4*2/(16/c). Suppose -4*h + h = -k. Calculate v(h).
-4
Let m be -5 + (2 - -1) - 1. Let f(t) = 4*t - 1. What is f(m)?
-13
Let q(z) = 3*z + 5. Let t(k) = 5 - 19 + 28*k - 20*k - 17*k. Suppose -5*i - 12 = -i. Let y(w) = i*t(w) - 8*q(w). What is y(-3)?
-7
Let c(a) = 2*a**3 - 2*a**3 + 4*a**3 - 11*a + 10 - 3*a**3 - 9*a**2. Let l be c(10). Let w(k) = -k + 2. Determine w(l).
2
Let j(a) = a**3 + a**2 + a + 1. Let i(d) = 6*d**2 + 5*d - 1. Let o(r) = i(r) - j(r). Calculate o(6).
-14
Let c(o) = -o**2 + 7*o + 2. Let z be c(7). Let h be z/7 - (-148)/(-28). Let i(s) = -s**3 - 5*s**2 + s + 4. Determine i(h).
-1
Let j = 12 + -7. Suppose 5*p = -5, 22 = 3*i - j*p + 5. Let x(z) = 4*z - z**2 + 3 + 0 + 0*z**2. Calculate x(i).
3
Let n(c) = 4*c - 3. Suppose 2*o = 6*o + 5*r - 22, o = 2*r - 1. What is n(o)?
9
Let r(n) = -2*n + 13. Let t(s) = 6*s - 38. Let p(k) = 14*r(k) + 5*t(k). Determine p(7).
6
Let g(a) = -2*a + 3. Let b be g(4). Let t = -2 - b. Let r be (-2)/12*-4*t. Let v(j) = -2*j**2 + 3*j. What is v(r)?
-2
Let y(p) = -10*p**2 - 13*p + 19. Let u(h) = 3*h**2 + 4*h - 6. Let f be (-65)/9 - (-4)/18. Let r(b) = f*u(b) - 2*y(b). Determine r(-3).
1
Suppose -20 = -2*j - 3*j. Suppose 0*b - j*b = -24. Let f(t) = -3*t + 8. Calculate f(b).
-10
Let b(d) be the third derivative of d**6/24 + d**5/20 - 11*d**4/24 - d**3/6 - d**2. Let r(s) = -s**3 + s - 1. Let x(j) = b(j) + 4*r(j). Give x(-4).
7
Let c(t) = -t**2 - 4*t**2 + 4*t**2 - 3 - 9*t + 0*t**2. Let m be c(-8). Let p(l) = -3*l + 6. Give p(m).
-9
Let f(r) be the first derivative of r**4/24 + 9*r**2/2 - 2. Let m(i) be the second derivative of f(i). Give m(-4).
-4
Let t be (1*-2)/(2/(-3)). Suppose -c - 9 = 4*c - y, -3*c - t*y + 9 = 0. Let g(j) = 6*j**2 - j**2 - 3*j + 0*j + 4*j. Calculate g(c).
4
Let y(w) = -w**3 - 5*w**2 - 2*w + 2. Suppose 0 = -4*u + u - 9. Calculate y(u).
-10
Suppose 20*q = 14*q. Let n(w) be the third derivative of -3*w**2 + q + 4/3*w**3 - 1/8*w**4 + 0*w. Determine n(6).
-10
Let z(t) = -8*t + 1. Suppose -5*i = -3*n - 24 - 16, i = -5*n - 20. Let q = n + 6. Give z(q).
-7
Let c(b) = b + 1 + b**2 - 2*b + 0*b. Let t(l) = l**3 - 10*l**2 - l + 13. Let z be t(10). Let x = z - 1. Give c(x).
3
Let s = -15 + 10. Let z = 5 + s. Let v(j) = z + 0 - 2*j - 1 - 3*j. Determine v(-1).
4
Let b(h) = h**2 - h + 2. Let u(a) = a**2 - 2*a + 3. Let n(q) = 4*b(q) - 5*u(q). Determine n(6).
-7
Let t(v) = -v**3 + 3*v**2 - 2*v - 2. Let l(x) = -x**3 + 8*x**2 - 7*x - 10. Let s be l(7). Let q = 12 + s. Calculate t(q).
-2
Suppose 4*m = -2*n, m + 0*n + 18 = -5*n. Let p(u) = 2*u**3 - 3*u**2 + 3*u - 3. Determine p(m).
7
Let m be ((-1 - -1)/(-3))/2. Suppose m = 3*z - 0 - 6. Suppose 2*p = -8 - z. Let q(l) = l**3 + 4*l**2 - 6*l - 5. Give q(p).
0
Let v(y) = 1. Let h(u) = 2*u - 1. Let r(k) = h(k) + 5*v(k). Determine r(4).
12
Let a(w) be the third derivative of -w**4/24 - w**3/3 + 5*w**2. Give a(-7).
5
Let z be (0 + (-2)/(-4))*0. Suppose 43 = 3*i + 5*x, -x + 29 = 4*i - z*i. Let h(n) = -n**2 + 6*n - 6. Calculate h(i).
-6
Suppose 2*c + 3*c = 0. Let g(v) = 3 + 4 - 2 + v**3 + 2. Calculate g(c).
7
Let v(j) = -4*j**2 + 3*j - 3. Let g(p) = -3*p**2 + 2*p - 2. Let c(l) = -7*g(l) + 5*v(l). What is c(0)?
-1
Let a(d) = 2 - 4 + 0 + 2*d + 7. Determine a(-5).
-5
Let f = 3 - 6. Let r = -5 - f. Let z(g) = -3*g - 3. Determine z(r).
3
Suppose -4*z - 3 = -3*z. Let t(w) = w - 1. Suppose -2*p = -p + s, 0 = -5*p + 5*s - 40. Let j(n) = -6*n + 2. Let u(q) = p*t(q) - j(q). Calculate u(z).
-4
Let v(a) be the first derivative of 0*a + 2 + 1/2*a**2. Determine v(5).
5
Let l = -21 + 15. Let i = l - -3. Let a(s) = -s**3 - 4*s**2 - 4*s - 3. Calculate a(i).
0
Let i(o) be the first derivative of o**4/4 + o**3/3 + 5*o + 15. Determine i(0).
5
Let c(f) be the first derivative of f**3/3 + 3*f**2/2 - 3*f - 3. Let s(p) be the first derivative of c(p). Determine s(-2).
-1
Let j(t) = 5*t**2 - 3*t. Let g(h) be the first derivative of 2 - 11/3*h**3 + 3*h**2 - h. Let k(z) = 3*g(z) + 7*j(z). Calculate k(3).
6
Let n be (3/(-4))/((-1)/4). Let s(p) = -2*p + n*p**3 - p**2 + 0*p**2 + p. Let f(r) = -r**2 - 28*r - 1. Let y be f(-28). What is s(y)?
-3
